e (-8)/j*2/2. What is the tens digit of (0 + q + -3)*-2?
1
Let c(g) = 16*g - 1. What is the tens digit of c(2)?
3
Let g(h) = 2*h**2 - 5*h + 5. What is the tens digit of g(-3)?
3
Let k = -5 + 5. Suppose 4*b - 8 - 8 = k. Suppose b*d + d = 40. What is the units digit of d?
8
Let t be (4 - 1)/(-3) + 0. What is the units digit of -1 - -13*(t + 2)?
2
Suppose -110 = -7*c + 2*c. What is the tens digit of c?
2
Let l = 1 - 3. Let v be l/(-8) - 11/(-4). Suppose 0*d + v = -d, -d - 30 = -3*s. What is the units digit of s?
9
What is the tens digit of 1*-1 - (-22 + 1)?
2
Suppose -5*c + 53 - 3 = 0. Suppose c*h = 6*h + 44. What is the units digit of h?
1
Suppose 24 = 5*m - 66. What is the units digit of m?
8
Let f = 2 + 22. Let v be (-2)/(f/(-9) + 2). Suppose 4*d + 3*u - 66 = 2*u, 61 = v*d - 5*u. What is the tens digit of d?
1
Suppose -12*f = -8*f - 276. What is the tens digit of f?
6
Let h be ((-1)/3)/((-3)/36). Suppose h*x - f - 48 = -0*x, 5*x + 2*f = 60. What is the units digit of x?
2
Suppose b = 4*j + 58 - 16, 5*b - 315 = -j. What is the units digit of b?
2
Let l(u) = -u - 3. What is the units digit of l(-11)?
8
What is the units digit of (-2)/(-3) - 1360/(-12)?
4
Let v(b) = -2*b. Let m be v(-1). Let j = 6 + -6. Suppose 6 = m*h + z, 5*z = 5*h - j + 15. What is the units digit of h?
1
Let b = -101 + 366. What is the tens digit of b?
6
Suppose -57 - 9 = -z. What is the units digit of z?
6
Suppose 62*m - 66*m + 1148 = 0. What is the tens digit of m?
8
Let p(u) = -u**2 - 6*u - 1. Let g be p(-5). Suppose -2*x = 3*m - 14, -3*x + 20 = 2*m + g. What is the units digit of m/7 - (-188)/28?
7
What is the units digit of 42/98 - (-470)/14?
4
Let c be (-19)/3*(-7 - 2). Let x = -33 + c. What is the units digit of x?
4
Let c be ((-27)/2)/(1/(-2)). Let x = c + -23. What is the units digit of x?
4
Let i be 2 + 16 + 2 + -4. Let u be (1/(-2))/(3/36). Let o = u + i. What is the tens digit of o?
1
Suppose 0 = -2*u + 6, 3*f + 15 = 6*u - u. Let t = f + 26. What is the units digit of t?
6
Let y(b) = -2*b**2 + 3. Let a be y(6). What is the tens digit of a/2*(-8)/12?
2
Suppose 2 = -0*f - 2*f. Let z(q) = -7*q**3 + q + 1. What is the units digit of z(f)?
7
Let l(v) = -v**3 - 12*v**2 + 12*v + 6. What is the tens digit of l(-13)?
1
What is the tens digit of 54*-9*(-5)/30?
8
Suppose 4*a - 380 = 4*g, -a + 4*a = -3*g + 291. What is the tens digit of a?
9
Suppose 0 = 2*l - 5*t + 3*t - 394, -791 = -4*l + t. What is the tens digit of l?
9
Let i be (12/(-8))/((-6)/8). Suppose -3*z = -3*b - 6, 0 = -i*z - 0*z + 4. Suppose -4*n + 11 = t + 1, b = -3*t - 4*n + 22. What is the units digit of t?
6
Let z(n) be the third derivative of 1/12*n**4 - 3*n**2 + 1/120*n**6 + 0 - 2/3*n**3 + 0*n - 1/12*n**5. What is the units digit of z(5)?
6
Let a(s) = -s + s + 3*s - 2*s. Let y(b) = -2*b. Let i(j) = 3*a(j) + y(j). What is the units digit of i(7)?
7
Suppose 0 = r + 3*h - 232, -6*h = 5*r - 2*h - 1182. Suppose 5*k + 93 - r = 0. What is the units digit of k?
9
Let f = 591 + -271. Suppose o - f = -3*o. What is the tens digit of o/6*15/10?
2
Suppose -3*h - 2*h + 35 = 0. Suppose -24 = 3*r - h*r. Suppose 6 = 2*l - r. What is the units digit of l?
6
Let u be (-2)/(-7) + 20/28. Suppose -t = u - 0. What is the units digit of 2 + 4*t/(-2)?
4
Let d be 1/(0 - (-2)/8). Suppose d*v - 52 = 36. What is the tens digit of v?
2
Let f = 50 + -16. What is the units digit of f?
4
Let u = -4 - -8. Suppose -u*p + 3*p + 17 = 0. What is the tens digit of p?
1
Let r(q) be the first derivative of -q**4/4 + q**3/3 + 3*q**2/2 + 3*q - 1. What is the units digit of r(-2)?
9
Let m(b) = 2*b**3 - 3*b**2 + b + 5. What is the tens digit of m(3)?
3
What is the tens digit of -3 + (-53)/(-1) + 0?
5
Suppose -h - 2*h = -9. Suppose 5*g - 4*i = -18, 3*g + 2*g + h*i = -4. What is the units digit of 1/((-2)/(g + 0))?
1
What is the units digit of 2/9 - (-3)/(81/6015)?
3
Let a be (-8)/(-12) - (-43)/3. Suppose 0*q = -2*q. Suppose 3*i - 9 - a = q. What is the units digit of i?
8
Let a(l) be the third derivative of -l**6/120 + l**5/60 + l**4/24 - l**3/3 - 2*l**2. What is the units digit of a(-2)?
8
Let h = 23 + -23. Suppose h = j + 3*j - 176. What is the units digit of j?
4
Let p = 12 + -10. Let d(x) = 2*x**2 - 2*x - 1. What is the units digit of d(p)?
3
Let a = 62 - -11. What is the tens digit of a?
7
Let i(j) = 5*j**2 - 1. Let t be i(-1). Let o be (205/15)/(-1)*-3. Suppose -t*w = b - 27, 4*b - 7 = 4*w + o. What is the tens digit of b?
1
Let k be 2/(-2) + -2 - -26. Let j = 3 + k. What is the units digit of j?
6
Suppose -q + 2 = -1. Suppose -3*u + 48 = 3*h, -h + 17 = 2*u + q. What is the tens digit of h?
1
Suppose 4 = -5*i - 1. Let o(r) = -7*r. What is the units digit of o(i)?
7
What is the units digit of 246/(-9)*6/(-4)?
1
Suppose -5*n - 19 = 3*s, -3*s + 5*n + 31 = -0*s. Let m(i) = 12*i - 3. What is the units digit of m(s)?
1
Let a = -98 + 254. What is the tens digit of a?
5
Suppose s + 5*u + 84 = 3*s, 2*s - 120 = -4*u. Let l = s + -26. What is the units digit of l?
6
Let d = 23 + -20. Suppose 0 = -5*j + 10, -a + d*j + 214 = 4*a. What is the units digit of a?
4
Let w(b) be the first derivative of 5*b**3/3 + 2. Let d be w(2). Suppose d = u - 3*x + 5, 0 = 5*u - 3*x - 27. What is the units digit of u?
3
Let s = 46 + -34. What is the tens digit of s?
1
Let y = 119 - 59. What is the tens digit of y?
6
Let o(b) = -8*b + 6*b - 4*b - 3*b. What is the tens digit of o(-3)?
2
Suppose -3*o - 2*o + 3*b + 15 = 0, -6 = -2*o - b. Suppose -15 = -h + 5*p, -2*p + 4*p - 45 = -o*h. What is the tens digit of h?
1
Let o = -16 + 87. What is the units digit of o?
1
Let i(a) = -2*a - 5. Let v be i(-4). Suppose 0*h = v*h + 15. Let o = h - -10. What is the units digit of o?
5
Suppose 3*v = 5*f - 208, -5*f - 5*v = -166 - 74. What is the units digit of f?
4
Suppose 5*o + 3*t - 222 = -t, -4*o + 153 = -5*t. What is the units digit of 1/(-5) - o/(-10)?
4
Let g be ((-3)/3)/1 - -1. Suppose 3*t + 3*h = 6*t - 9, t - 3*h + 1 = g. Suppose t + 2 = a. What is the units digit of a?
7
Let l = 8 + 45. What is the tens digit of l?
5
Let q(b) = -2*b - 8. Let s be q(-5). Suppose -4*g + 10 - s = 0. What is the units digit of g?
2
Let r(v) = -4 + 10*v**2 + 2 + 3 - 2. Let f be r(-1). Suppose 3*i - 12 - f = 0. What is the units digit of i?
7
Let k(i) = 6*i + 1. Suppose 4 = -2*s + 2*r, 8 = -s + 3*r - 0*r. What is the units digit of k(s)?
7
Let h be (8/2)/(-3 + 4). Suppose -78 = -i + h*w - 19, -144 = -3*i + w. What is the units digit of i?
7
Let j = -3 + 5. Suppose 0 = j*z + 5*k - 29, 0*z + z = -k + 7. Suppose 0*u + 2*u - z = 0. What is the units digit of u?
1
Suppose 170 = 2*i + 2*z, 3*i - 8*z = -9*z + 249. What is the units digit of i?
2
Suppose 7*q - 4*q = 270. What is the tens digit of q?
9
Suppose 290 = 3*v + 2*v. Suppose 3*s - h = -0*h - v, 3*h + 6 = 0. What is the tens digit of (1 + s)/(8/(-8))?
1
Let i(p) = -p**3 - 5*p**2 + 4*p - 8. Let k be i(-6). Suppose 2*t = k - 0. What is the units digit of t?
2
Suppose -5*q + 49 = 3*a + 11, -2*a + 2*q + 4 = 0. Let l(u) be the first derivative of -u**4/4 + 2*u**3 + u**2/2 + u + 3. What is the units digit of l(a)?
7
Suppose -4*f - 5*p = -253, 5*f = p - 42 + 351. What is the units digit of f?
2
Suppose 5*c - 3*c + 45 = 5*p, 0 = 5*p + 3*c - 70. Let t(o) = -o**2 + 12*o - 7. What is the units digit of t(p)?
4
Let z(m) = -m**3 + m**2 + 6. Let y = 7 + -7. What is the units digit of z(y)?
6
Suppose 0 = 3*o - 2*o. Suppose o = 4*u - 26 - 6. What is the units digit of u?
8
Suppose 24 = 2*m + u - 48, 3*m - 94 = -5*u. What is the tens digit of m?
3
Suppose 18 + 20 = 2*l. What is the tens digit of l?
1
Suppose 0 = 7*k + 1357 - 3317. What is the hundreds digit of k?
2
Let m(u) = u**3 - 3*u**2 - 3*u. Let c be m(4). Suppose 5*w = -5*s + 50, -2*w - 1 = -9*s + c*s. What is the units digit of w?
7
What is the units digit of (-2 + -3 + -41)*-1?
6
Let y(w) = w**3 + 8*w**2 + 7*w + 3. Let q be y(-7). Suppose q*i - 47 = 43. What is the units digit of i?
0
Let i = 41 + -29. What is the tens digit of i?
1
Suppose -5*s + 3 = 4*w, -2*w + 0*w - 4*s = 0. Let o be 9/4 - 2/8. What is the units digit of 3 + -4 + o + w?
3
What is the tens digit of -1*(-64 + 4) + -2?
5
Let v(s) = 7*s - 1. Suppose 3*o + 4 = -o. Let c(w) = w - 1. Let h(z) = o*v(z) + 4*c(z). What is the units digit of h(-4)?
9
Let g